1010
In base 8, what is -63317631 - -16?
-63317613
In base 5, what is -24 - 1433110?
-1433134
In base 2, what is -10010111010001010101100 - 110?
-10010111010001010110010
In base 14, what is -61 - -4184c7?
418466
In base 11, what is -285116 + -1336?
-286451
In base 16, what is e - 96c75?
-96c67
In base 3, what is -2100101 - 1010221?
-10111022
In base 2, what is 111000 + 101000101001011111?
101000101010010111
In base 9, what is -105036 + 1745?
-103181
In base 2, what is -11000001000 - -1010111010001000?
1010100010000000
In base 9, what is 1 - -12320541?
12320542
In base 4, what is 333 + -11220220?
-11213221
In base 4, what is 11 + -13121012322?
-13121012311
In base 6, what is -15 - -440550?
440531
In base 10, what is -39 - 32147113?
-32147152
In base 4, what is -33320 + 221000030?
220300110
In base 4, what is 0 - 10020310123030?
-10020310123030
In base 11, what is -205a12 + -34?
-205a46
In base 5, what is -1014230304441 + 0?
-1014230304441
In base 5, what is 40003322 + 12240?
40021112
In base 7, what is 1 - -2524623301?
2524623302
In base 3, what is -122102 + -200000021122?
-200000221001
In base 8, what is 2 + -407215422?
-407215420
In base 11, what is 512557 + 5?
512561
In base 12, what is 42a3541 - -4b?
42a3590
In base 6, what is -23330051403 - -3?
-23330051400
In base 12, what is 2 - -b82847?
b82849
In base 13, what is -250 - 39c14?
-3a164
In base 9, what is 161783875 - 4?
161783871
In base 8, what is 40003 + 5363?
45366
In base 2, what is 1111011000101 - -1001001110011?
11000100111000
In base 12, what is -1812 + 1517?
-2b7
In base 12, what is b - -1293767?
1293776
In base 12, what is -5a3a + -1238?
-7076
In base 4, what is -12302 - 30030023?
-30102331
In base 11, what is -5 + 218651?
218647
In base 3, what is 10122010021 + 11121?
10122021212
In base 11, what is -4 + 2104a752?
2104a749
In base 3, what is 1220112220200 + -22?
1220112220101
In base 16, what is 4d + -409?
-3bc
In base 2, what is 11 + 10100101110010100111010?
10100101110010100111101
In base 7, what is -16 + -551?
-600
In base 7, what is 4115 - -2554?
10002
In base 8, what is 442360354 - 10?
442360344
In base 8, what is 3 - 474160031?
-474160026
In base 4, what is 11 + -10303320132?
-10303320121
In base 9, what is 7675015 + -1?
7675014
In base 16, what is -64f354 - -32?
-64f322
In base 10, what is 42 - -2320925?
2320967
In base 6, what is -2 - -35053132?
35053130
In base 6, what is -21250210 + -3230?
-21253440
In base 7, what is -224523 + -225?
-225051
In base 11, what is -33 + 34386?
34353
In base 16, what is -570e5bd - 4?
-570e5c1
In base 7, what is 4120534 + -20?
4120514
In base 7, what is 136 + 1131211?
1131350
In base 15, what is 245b + b393?
d7ee
In base 7, what is -10550610 + 25?
-10550552
In base 12, what is -63babab - 6?
-63babb5
In base 8, what is -55 - 11570?
-11645
In base 9, what is -105 - -41117?
41012
In base 13, what is -7061 + 1316?
-5a48
In base 11, what is 217 - 1182743?
-1182527
In base 15, what is -31e - -54b9?
519a
In base 5, what is 200233313 - 33?
200233230
In base 2, what is 101110101001100010010111 - 10011?
101110101001100010000100
In base 5, what is -3 + -1040313431?
-1040313434
In base 2, what is 1001110001110101001 - 110001110?
1001110001000011011
In base 9, what is 22100 - 332?
21657
In base 13, what is -2 - 116a561?
-116a563
In base 2, what is 1010 - 10011010101010101001011?
-10011010101010101000001
In base 7, what is 653 - -15363?
16346
In base 4, what is 10011131213221 + -10?
10011131213211
In base 2, what is 101 + -10011101110100101100100?
-10011101110100101011111
In base 14, what is -7 - -2a370b?
2a3704
In base 12, what is 745b7 - 317?
742a0
In base 10, what is 4 + -131562415?
-131562411
In base 14, what is 3 + 1c68a078?
1c68a07b
In base 2, what is -101001100 - -1101101000001111011?
1101100111100101111
In base 7, what is 15261 + -161002?
-142411
In base 5, what is 244032 + -2213230?
-1414143
In base 4, what is -202011121332 - 2111?
-202011130103
In base 6, what is -121 + -10341313?
-10341434
In base 7, what is 200242405 + 112?
200242520
In base 9, what is 1346 - 1603245?
-1601788
In base 11, what is -a406652a + -4?
-a4066533
In base 3, what is 0 + -11002210111200000?
-11002210111200000
In base 9, what is 11713226 - -2?
11713228
In base 10, what is -1827 + -8353?
-10180
In base 4, what is 22322 - 2002101200?
-2002012212
In base 4, what is 1330103 + -11021303?
-3031200
In base 3, what is 210 + -210000011021?
-210000010111
In base 10, what is -5057987 - 2?
-5057989
In base 4, what is 20 - -2132202130?
2132202210
In base 12, what is 160a49a2 + -3?
160a499b
In base 15, what is 357712e - -4?
3577133
In base 15, what is 12d516 + c2?
12d5d8
In base 4, what is 133323121 + 1120?
133330301
In base 7, what is 3 + -446305615?
-446305612
In base 7, what is 36516 + -33301?
3215
In base 4, what is -101322 - -322030?
220102
In base 5, what is 1 + 140031401321?
140031401322
In base 10, what is 679 + -140526?
-139847
In base 5, what is 14423120 + 221?
14423341
In base 12, what is -9114 + -20a64?
-29b78
In base 16, what is 66391 + 4?
66395
In base 9, what is 2 - -43430701?
43430703
In base 2, what is 1110101111000011101 - 1001110?
1110101110111001111
In base 8, what is 13715067 - 117?
13714750
In base 12, what is 3 + 37b62b?
37b632
In base 3, what is -2 - -100212210001011?
100212210001002
In base 4, what is 1121001 - -112000?
1233001
In base 10, what is 14 - 275890?
-275876
In base 16, what is -40 + 8751?
8711
In base 8, what is 4 - -4546722?
4546726
In base 13, what is 3840a06 - -1?
3840a07
In base 3, what is -1002022210 - -100101?
-1001222102
In base 14, what is -1c5 - -1281d?
12638
In base 13, what is -b9b011 + -1b?
-b9b02c
In base 13, what is 398a + ab0?
476a
In base 16, what is -1b249 + -1d3?
-1b41c
In base 2, what is 1101011010101111011111101111 + -1?
1101011010101111011111101110
In base 9, what is -35 + -374367?
-374413
In base 13, what is 80 + 32b91?
32c41
In base 13, what is 28 + 1984a2?
1984ca
In base 6, what is -41 - -20412532?
20412451
In base 2, what is 1000001011101110 + -111001111111?
111010001101111
In base 7, what is 56 + 6355642?
6356031
In base 13, what is 1 - 67c4298?
-67c4297
In base 3, what is 12 + 12122112021202?
12122112021221
In base 10, what is 94131260 + 1?
94131261
In base 2, what is 10010101000001 - -1001001?
10010110001010
In base 12, what is -66 + 8393?
8329
In base 2, what is 11100101011011110000000 - 10?
11100101011011101111110
In base 12, what is -1101a86 + -5?
-1101a8b
In base 15, what is 10231 - 7cc?
e954
In base 12, what is 2 + 19b67ba1?
19b67ba3
In base 2, what is 1101001010011100011000 - 1001010?
1101001010011011001110
In base 4, what is -203221 - 211?
-210032
In base 13, what is -203 + -727c0?
-729c3
In base 12, what is 68 + b7402?
b746a
In base 5, what is -3102402302 + -3?
-3102402310
In base 16, what is -183ab0 + 4b?
-183a65
In base 5, what is 31244 + 10331?
42130
In base 12, what is 15851004 + 14?
15851018
In base 7, what is -33 + 120616564?
120616531
In base 10, what is -3081364 + -22?
-3081386
In base 4, what is -23330310032 + 10?
-23330310022
In base 12, what is 244 + -12682?
-1243a
In base 12, what is 7633b1 + -11?
7633a0
In base 2, what is 11001110000001011 + -10100?
11001101111110111
In base 11, what is -10997 - -69aa?
-4a98
In base 16, what is -331 - -3378?
3047
In base 9, what is -1120170 + 63?
-1120106
In base 9, what is -11007640 - -74?
-11007555
In base 10, what is 6364082 - 17?
6364065
In base 13, what is -589 - a49?
-1305
In base 4, what is 10 - -13103122322010?
13103122322020
In base 11, what is 0 - -577aa3?
577aa3
In base 2, what is 11000 - -1001010011000111111101111?
1001010011001000000000111
In base 16, what is 538 + 5ff?
b37
In base 6, what is -3451411 - -135?
-3451232
In base 15, what is 5 - 57ce00?
-57cdea
In base 11, what is -7146898 - -3?
-7146895
In base 13, what is -15ba2 + -a6?
-15c78
In base 14, what is 4 + -1b46622d?
-1b466229
In base 6, what is 2000441122 + 2?
2000441124
In base 15, what is -cba - 133?
-ded
In base 7, what is 6442 + 4531224?
4540666
In base 16, what is b99fc - d?
b99ef
In base 13, what is 2 + 408c7491?
408c7493
In base 2, what is 11000110110110101101000 + -100?
11000110110110101100100
In base 5, what is -242 - 20441340?
-20442132
In base 4, what is 3231203033 - 30?
323120300